er when 494/14 - 4/14 is divided by 1*(-36)/15*45/(-6).
17
Let z(v) = -3*v + 5. Let a(h) = 8 - h**2 + 1 + h**3 - 9*h + 9*h**2. What is the remainder when z(-4) is divided by a(-9)?
8
Suppose 4*g - 23 = 1. Let t(f) = f**2 + 10. Calculate the remainder when t(0) is divided by (-20)/(-3) - 4/g.
4
Suppose -x + 3*x = 36. Let z = 168 + -116. Calculate the remainder when z is divided by x.
16
Suppose 3*t = -9, 5*b - 6 = -4*t + 62. What is the remainder when b is divided by 6?
4
Let a = 48 - 45. Let m(s) = s + 2. What is the remainder when m(5) is divided by a?
1
Let a(g) = 6*g + 7. What is the remainder when a(5) is divided by 38*(-3 + (-7)/(-2))?
18
Let l(u) = 6*u**3 + u**2 - 2*u + 1. Let w be l(1). Let b(z) = 13*z - 1. Calculate the remainder when (-626)/(-18) + w/27 is divided by b(1).
11
Let u(v) = v**3 + 2*v + 4. Suppose 1 = -q - 4, 93 = 3*b - 3*q. Suppose 6*t = 4*t + b. What is the remainder when u(3) is divided by t?
11
Suppose -8 = 3*m + 4*p, -p = 5*m + p - 10. Let v = m - -2. Let z = v + -3. What is the remainder when 6 is divided by z?
0
Let f(s) be the second derivative of s**5/20 + s**4/12 - s**3/6 + 3*s**2 - s. Let y(t) = 3*t - 1. Calculate the remainder when y(6) is divided by f(0).
5
Suppose 0 = 2*i + 4*b - 0*b - 32, 2*i + 3*b = 27. Calculate the remainder when 15 is divided by i.
3
Suppose 0*m - 2*z - 49 = -5*m, -2*m + z = -19. Suppose -3*t + t = 252. Calculate the remainder when (-12)/9*t/4 is divided by m.
9
Let i = 104 + -48. Suppose -s = 2*b - 11, 4*s + 3 - i = b. Let q(v) = -v - 8. Calculate the remainder when s is divided by q(-13).
3
Suppose 4*r = -r + 215. What is the remainder when r is divided by 11?
10
Let n = -26 - -40. What is the remainder when 25 is divided by n?
11
Let m(x) = x**3 - 7*x - 8. Calculate the remainder when m(6) is divided by 28.
26
Let h = 629 - 409. What is the remainder when h is divided by 37?
35
Suppose 0 = -7*o + 4*o - 6. Calculate the remainder when o/(-8) + 715/20 is divided by 13.
10
Suppose -3*d + 83 = -58. Let c(o) = 16*o. What is the remainder when d is divided by c(1)?
15
Suppose 0 = -4*m - 4*o - 16, -5*o = 5*m - 4*o. Let u = -2 - m. Let q = 9 - u. Calculate the remainder when 34 is divided by q.
10
Calculate the remainder when (-24)/(-3) + 6 + -3 + 0 is divided by 8.
3
Suppose -c + 0*c + 39 = 0. Let q = 12 - 29. Let m(v) = -v - 3. What is the remainder when c is divided by m(q)?
11
Let p(u) = 2*u + 35. What is the remainder when 187 is divided by p(-8)?
16
Suppose -k + 2*k - 3*r = 4, 0 = 5*r. Let q = 7 - k. What is the remainder when 8 is divided by q?
2
Suppose 30 - 96 = -d + 3*z, -d + 4*z = -70. Calculate the remainder when d is divided by 11.
10
Suppose 2*w - 2 = -0*w. What is the remainder when (-105)/33 + 3 + (-52)/(-44) is divided by w?
0
Let i = 19 - 10. Calculate the remainder when 32 is divided by i.
5
Suppose 0 = -11*i + 9*i. Let r(n) = -n - 4. Let h(b) = -b - 3. Let t(l) = 6*h(l) - 7*r(l). Calculate the remainder when 18 is divided by t(i).
8
Suppose 3*n = 29 + 1. Let p = 20 - -8. What is the remainder when p is divided by n?
8
Let m = 14 - 9. What is the remainder when 17 is divided by m?
2
Suppose -3*i + 3*t + 210 = -0*i, 294 = 4*i + 3*t. Calculate the remainder when i is divided by 37.
35
Let q be 1/((-1)/24 + 0). Let l be ((-3)/(-6))/((-2)/q). Let n = l + -2. Calculate the remainder when 7 is divided by n.
3
Let m = 294 + 11. Calculate the remainder when m is divided by 28.
25
Let g = 327 - 230. Calculate the remainder when g is divided by 14.
13
Let d(w) = 6*w - 6. What is the remainder when 32 is divided by d(4)?
14
Suppose 0 = o - 4*z - 1 - 16, -o - 3*z = 4. What is the remainder when 22 is divided by o?
2
Let q(w) = 2*w**2 + 10*w + 7. Let g = 4 + -12. What is the remainder when q(-6) is divided by 0 + -1 + 0 - g?
5
Suppose -3*x - 2*r + 465 = 2*x, -4*x + 3*r = -395. Suppose -19 = q - x. What is the remainder when q is divided by 26?
24
Let s be (-8 - -10) + 50 + 0. Suppose -2*v + 4*f = -3*v + 1, -f - 68 = -5*v. Suppose -5*x = -s - v. What is the remainder when 49 is divided by x?
10
Let m = 63 - 49. Calculate the remainder when 110 is divided by m.
12
Suppose 0 = 2*q - 19 - 57. Suppose 3*w = 2*c - 61, -c + 5*w + q = -3. What is the remainder when c is divided by 9?
8
Suppose 5*c = -4*w + 60, -3*c + 2*c + 41 = -5*w. What is the remainder when 60 is divided by c?
12
Let x = 17 + -6. Let j = 40 - x. What is the remainder when j is divided by 10?
9
Let i = -10 - -19. Suppose 3*w - 2*f = -w + 138, -57 = -2*w - 3*f. What is the remainder when w is divided by i?
6
Suppose -4*c + 3*c = 0, -9 = -3*j + c. Suppose j - 36 = -3*u. Let s = 54 + -34. Calculate the remainder when s is divided by u.
9
Suppose 0 = 4*j - 36 - 60. What is the remainder when ((-2)/(-6)*6)/((-4)/(-94)) is divided by j?
23
Suppose 0 = -3*p + 76 - 25. Let l(g) = 2*g - 93. Let v(z) = z - 46. Let a(s) = -4*l(s) + 7*v(s). Calculate the remainder when a(0) is divided by p.
16
Let u = 334 - 289. What is the remainder when u is divided by 2/3*9*2?
9
Calculate the remainder when (0 + -99)*2/(-3) is divided by 18.
12
Suppose -2*v + 5*l = 2*v - 38, -4*l + 8 = 0. Let b = 6 + v. What is the remainder when 34 is divided by b?
16
Let g = -10 - -18. Let z(h) = -h + 3. Calculate the remainder when z(-4) is divided by 2/(-8) + 42/g.
2
Let u(l) = -6*l**3 - l**2 + 12*l - 6. Calculate the remainder when u(-4) is divided by 45.
44
Suppose -2*y - y + 6 = 0. Suppose 0 = w - 6 - y. What is the remainder when ((-29)/(-3))/((-1)/(-3)) is divided by w?
5
Suppose 3*j + 206 = 5*u, -u - j = -6*u + 202. What is the remainder when u is divided by 11?
7
Suppose 88 + 60 = 4*v. Let d = v - -14. Calculate the remainder when d is divided by 13.
12
Suppose -2*g + g = -3*o + 4, o + g = 8. Suppose o*u = 1 - 4. Let p(d) = 10*d**2 - 1. Calculate the remainder when 33 is divided by p(u).
6
Let w(q) = -3*q + 1. Let g be w(-1). Suppose -5 - 7 = -g*y. What is the remainder when (80/6)/(y/9) is divided by 14?
12
Let i be (-48)/(-20) + (-6)/15. Suppose 2*f - 3*f + 5 = 0, -5*f + 77 = 4*j. What is the remainder when 488/20 - i/5 is divided by j?
11
What is the remainder when (3 - 2)/(293/(-98) + 3) is divided by 20?
18
Let h = -2 + 5. Suppose -w = 2*i - 3, -h*i + 9 = -3*w - 0*i. Calculate the remainder when 7 is divided by (-2 + w - 0)/(-1).
1
Suppose 4*y + k + 10 = 134, 3*y - 104 = 2*k. What is the remainder when y is divided by 7?
4
Let l = 13 - 25. Calculate the remainder when (-126)/(0 - 3) + -1 is divided by (-2 + (-3)/l)*-8.
13
Let c = 80 - 42. Calculate the remainder when c is divided by 3 - 1 - -12 - 1.
12
Let h(x) = -3*x**3 - 10*x**2 + 6*x. Let s(b) = b**3 + b**2 - b - 1. Let v(n) = h(n) + 4*s(n). What is the remainder when 15 is divided by v(6)?
7
Let l(u) = u**2 + 3*u - 1. Let p be l(-4). Suppose -i + p = -0. Suppose 2*d = 6 + 10. Calculate the remainder when d is divided by i.
2
Suppose -2*j = -8 - 20. Let m(y) = y**2 + 2*y - 10. What is the remainder when m(7) is divided by j?
11
Suppose 3*f - 15 = 21. What is the remainder when 35 is divided by f?
11
Let a = 10 + -6. Suppose 4*v - 3*v - a = 0. What is the remainder when 7 is divided by v?
3
Suppose 8*h - 5 = 3*h. What is the remainder when 48 is divided by (2 + 15)*1/h?
14
Let j = 33 + -15. Let i = 53 - j. Calculate the remainder when i/3 - (-1)/3 is divided by 7.
5
What is the remainder when 119 is divided by (-2 + 1)/((-64)/60 - -1)?
14
Let k(f) = f**3 + 14*f**2 + 14*f + 15. What is the remainder when 5 is divided by k(-13)?
1
Suppose -3*d - 13 + 4 = 0. Let b(k) = -11*k + 2. What is the remainder when b(d) is divided by 9?
8
Let y(i) = -12*i - 6. What is the remainder when y(-4) is divided by (12/(2/1))/((-20)/(-50))?
12
Suppose 3*u - 56 = -4*w - 13, 0 = 5*w + u - 40. What is the remainder when 19 is divided by w?
5
Let n be (0 + 2)*(-35)/14. Let l(j) = -3 - j**3 + 5*j**2 + 4*j**3 - 2*j**3 - 5*j. What is the remainder when l(n) is divided by 8?
6
Let g(j) = -j**2 - 12*j - 2. Calculate the remainder when g(-5) is divided by 19.
14
Let h(v) = -2*v**2 - 10*v + 11. What is the remainder when 30 is divided by h(-5)?
8
Let c(g) = -3*g - 33. What is the remainder when 77 is divided by c(-18)?
14
Let i = 64 + -25. What is the remainder when i is divided by 8?
7
Suppose 2*v = -0*a - 4*a - 10, 5*a - 10